divided by i?
4
Let w(n) = 8*n + 109. Let m = 576 + -571. Calculate the remainder when w(m) is divided by 31.
25
Suppose 3*f = 2*y - 547, y - 256 = 2*f - 4*f. Calculate the remainder when y is divided by ((-325)/5)/(-1) + 4.
59
Suppose 132 = -5*w + 552. Let x(g) = 10*g - 36. Calculate the remainder when 2/8 + 3339/w is divided by x(5).
12
Suppose 60*w - 922 = 4575 + 7283. Calculate the remainder when w is divided by 28.
17
Let o(v) = v**2 - 2*v + 8. Suppose -11 = 3*y - 5. Let w be y/(3/((-75)/10)). What is the remainder when o(w) is divided by 9?
5
Let g = -3097 - -3152. What is the remainder when 174 is divided by g?
9
Suppose -12*b = -18*b + 8*b - 166. What is the remainder when 1162 is divided by b?
0
Let r(u) = u**3 + 7*u**2 - 3*u - 10. Let w be ((-5)/3 + 2)*0. Suppose w*a - 250 = -10*a. What is the remainder when a is divided by r(-7)?
3
Let h(j) = -j**3 + 34*j**2 + 2*j - 55. Let o be h(34). Let z(f) = 11*f - 120. Calculate the remainder when 43 is divided by z(o).
20
Suppose -4*r - 3674 = -2*v, -3*v = -4*v - 2*r + 1829. Calculate the remainder when v is divided by (64/(-112))/((-37440)/3402 - -11).
105
Suppose -2*n + 36*j = 32*j - 1116, -5*j = -n + 573. Calculate the remainder when n is divided by 37.
30
Let n = -3061 + 3129. What is the remainder when 146 is divided by n?
10
Suppose 2*c + 12 = 2*r - c, 0 = -c + 2. Calculate the remainder when (-8)/(r + -11) + 211 is divided by 57.
44
Suppose -25 = -3*w + a, -3*a - a + 8 = 0. Calculate the remainder when -90 + 39 + 308 + (-2)/(-4)*22 is divided by w.
7
Suppose 9*v - 310 = -4*h + 11*v, 2*h = -v + 145. Suppose -2*o - 18 = -70. Calculate the remainder when h is divided by o.
23
Let a = -36 - -38. Suppose -2*z + a*q + 8 = -3*q, -49 = -5*z - 2*q. Suppose -4*h - 4*g + 23 = -h, h - 4*g = -3. Calculate the remainder when z is divided by h.
4
Suppose v + 2*k = 16433 + 5257, -5*v + 108444 = 7*k. What is the remainder when v is divided by 241?
237
Suppose 4*q - 11 = -3, -2*q - 71 = -3*o. Let x be (-6)/(-9)*1*-48. Let c = -18 - x. Calculate the remainder when o is divided by c.
11
Suppose 0 = 2*k + 6, -698 = 4*i + k + 301. Let w = -86 - i. Calculate the remainder when w is divided by 28.
23
Let y(f) = 2*f**3 - 3*f**2 - 20*f + 321. Calculate the remainder when y(10) is divided by 135.
66
Let c be ((-6)/(-18))/((-1)/1689). Let r = c - -618. What is the remainder when r is divided by 28?
27
Let z(c) = -c**3 + 25*c**2 + 6*c - 147. What is the remainder when 110 is divided by z(25)?
2
What is the remainder when 1245 is divided by (4/6)/(336/2520)*31?
5
Let q = -7539 + 7965. Calculate the remainder when q is divided by 99.
30
Let i be 21 + (-10)/(-15)*-3. Let h = i + -14. Suppose -5*a + 2*g = 6*g - 204, 0 = -h*g + 5. Calculate the remainder when a is divided by 21.
19
Suppose 2*p + 4*n = 24, 0 = -5*p + 5*n + 3 - 18. Suppose -9*h = -14*h - p*m + 125, -4*m = -5*h + 95. What is the remainder when 88 is divided by h?
19
Suppose -27*n = -48*n + 1932. What is the remainder when 348 is divided by n?
72
Let k be (-50480)/(-320)*(5 - 1). Suppose -2*u + k = 6*z - 9*z, -3*u + 2*z + 949 = 0. What is the remainder when u is divided by 106?
105
Suppose 2*j + 12 = 0, y - 16*j - 18 = -15*j. Calculate the remainder when 240 is divided by y.
0
Let b(y) = y**3 + 3*y**2 + y + 5. Let z be b(-3). Suppose -5*l = -3*n + 160, z*n = 4*n + 2*l - 128. Calculate the remainder when n is divided by 21.
18
Suppose -3*s - 22 = b - 141, 3*s = 4*b + 124. Calculate the remainder when s is divided by 33.
7
Let k be 2/7 - (-1986)/(-42). Suppose -r + 4*r = -w - 426, -3*w - 142 = r. Let n = k - r. Calculate the remainder when n is divided by 14.
11
Let q(t) = 763*t**2 + 2*t - 85. What is the remainder when q(-5) is divided by 37?
36
Let j = 38 + -40. Suppose 5*u + 54 - 255 = -4*h, 3*u - 131 = -5*h. What is the remainder when u is divided by ((-14)/(-42))/(j/(-24))*5?
17
Let x = 10559 + -10546. What is the remainder when 2322 is divided by x?
8
Suppose l + 4*c = 130, -4*l + 9*c - 8*c + 571 = 0. Calculate the remainder when 714 is divided by l.
4
Suppose -39*u + 6*u + 970 = 64*u. What is the remainder when 12788 is divided by u?
8
Let u(i) = -i**2 + 27*i + 1. Let v(r) = r**2. Let s(w) = -u(w) + 6*v(w). Calculate the remainder when s(6) is divided by 13.
11
Suppose -32*x - 458 = -5*b - 33*x, -4*x - 261 = -3*b. What is the remainder when 297 is divided by b?
24
Suppose -2*c + 658 = 4*k, 2*c - 1031 = 3*k - 373. Let f = 139 + -53. Calculate the remainder when c is divided by f.
71
Let t(f) = 49*f - 9. Suppose 23*p - 21*p = 14. What is the remainder when t(p) is divided by 56?
54
Let z be (-10)/(-15) - (3 - 327/9). Suppose 0 = 17*j - 19*j + z. What is the remainder when 47 is divided by j?
13
Suppose 5*v - 83*j + 87*j - 894 = 0, -3*v - 2*j + 538 = 0. What is the remainder when v is divided by 31?
27
Let w = -555 + 579. Suppose x - 2*g - 20 = 0, w*x + 2*g - 88 = 19*x. Calculate the remainder when 125 is divided by x.
17
Suppose -9025*c + 9024*c + 266 = 0. What is the remainder when c is divided by 61?
22
Calculate the remainder when 5*((-440116)/(-95) - 0) is divided by 198.
196
What is the remainder when 2 + (-2 + 234100/26 - (-2)/13) is divided by 114?
112
Let h be (-3)/((2 + -3)*1). Suppose 4*d - 34 = h*d. What is the remainder when d is divided by 22?
12
Suppose -4*u - 11*u + 240 = 0. Calculate the remainder when 168 is divided by 302/u + (-41)/(-328).
16
Calculate the remainder when 1738 + 665/266*(-3)/((-45)/48) is divided by 577.
15
Let i = 553 - 425. Let y = 178 - i. Calculate the remainder when 106 is divided by y.
6
Let u = 31448 - 31332. Calculate the remainder when 44078 is divided by u.
114
Let s be (15/6 - 3)*8. Let n(z) = -4*z**2 - 12*z + 2. Let v be n(s). Calculate the remainder when 11 is divided by (-12)/v*(-3)/((-15)/35).
5
What is the remainder when 4419 is divided by (-17 + 15)/((-2)/65)?
64
Let f(w) = 3*w**2 + 13*w - 31. Calculate the remainder when f(8) is divided by 49.
20
Let r = -30707 - -30716. What is the remainder when 988 is divided by r?
7
What is the remainder when 122 is divided by 450/7 + ((-96)/42)/8?
58
Suppose 930 = 3*d - 3*q, -2207 + 637 = -5*d - 5*q. What is the remainder when d is divided by 65?
52
Let l(j) = j**2 + 3*j + 2. Let c be l(-2). Suppose 18*r - 17*r = c. Let y(d) = d + 20. What is the remainder when 73 is divided by y(r)?
13
Suppose -13*x - 105 + 833 = 0. What is the remainder when 50*(-7)/x*-4 is divided by 11?
3
Suppose 4*q + 2*b - 24268 = 0, -2*q + b - 5*b = -12116. Calculate the remainder when q is divided by 184.
182
Let m = 28 + -19. Suppose 120 = -4*j + m*j. Suppose -9*v + 8*v = -j. What is the remainder when v is divided by 5?
4
Let w(a) be the third derivative of a**5/60 + 3*a**4/8 - 28*a**3/3 + 5*a**2 - 3. Let i = -151 + 219. Calculate the remainder when i is divided by w(-14).
12
Let w = 1147 - 673. Let u = 536 - w. Calculate the remainder when u is divided by 19.
5
Let q be ((-8)/(-10))/((-6)/(-15)). Let r(z) = q*z + 5*z - 3*z - 15 - z. What is the remainder when r(14) is divided by 6?
3
Suppose w = 8, -16*w + 14*w = -2*g + 38. Calculate the remainder when 1217 is divided by g.
2
Let h = 0 - 6. Let g = -98055 + 98071. What is the remainder when g is divided by ((-18)/(-4))/(h/(-8))?
4
Let x(y) = y**3 - 5*y**2 + 21*y + 9. Calculate the remainder when x(8) is divided by 56.
33
Let t = 40115 + -40114. What is the remainder when 1837 is divided by t?
0
Let w(n) = -2*n**3 + 248*n**2 + 5*n - 500. What is the remainder when 1314 is divided by w(124)?
114
Let c = -3776 - -3807. What is the remainder when c is divided by 7?
3
Let h(m) = m**2 + 15*m + 70. Let v be h(-6). Suppose -15*p = -v*p + 47. Calculate the remainder when p is divided by 11.
3
Let q be (0 - (-397)/4) + 3/(-12). Let x = 68 - q. Let y = x + 43. Calculate the remainder when y is divided by 7.
5
Suppose -48 = 40*m - 44*m. Suppose 0 = -3*j - 2*l + 179, 4*l = -m + 4. What is the remainder when j is divided by 16?
13
Suppose -m + 3*p + 148 = 133, -3*p = -4*m + 123. Let x = -17 - -411. Calculate the remainder when x is divided by m.
34
Calculate the remainder when 98 is divided by -308*(-18)/1080 + 6/(-45).
3
Suppose 0 = -5*c + 33 - 18. Suppose 285 = 3*s + 3*l - 7*l, c*l = -3*s + 306. Calculate the remainder when 62 is divided by (1